when 28 is divided by c?
8
Suppose -2*d + 3*a - 66 = -198, 4*d + 4*a = 264. What is the remainder when d is divided by 23?
20
Suppose -2*o + 5*s + 1 = 0, 7 = -4*o - 2*s - 27. Let b(q) = -4*q**2 - 2 + 3*q**2 - 8 - 10*q. What is the remainder when 31 is divided by b(o)?
9
Suppose 0 = 3*s + 2*s - 110. What is the remainder when s is divided by 8?
6
Calculate the remainder when (-10)/4*42/(-5) is divided by 11.
10
Suppose -2*j = -f + 9, 3*f + 0*f - 59 = -2*j. Calculate the remainder when 66 is divided by f.
15
Suppose s - 17 = -6. What is the remainder when 30 is divided by s?
8
Suppose -4*y = -4*b - 32, y - 4*b - 42 = -4*y. Let u be ((-12)/8)/((-3)/(-8)). What is the remainder when 76/1*u/(-8) is divided by y?
8
Suppose 2*p + 114 = 5*p. Suppose 2*g + 3 = 3*g. Suppose -g*z + p = -z. What is the remainder when z is divided by 7?
5
Let t = -16 + 17. Let l(k) = 66*k**2 - k. Let r = 12 + 10. Calculate the remainder when l(t) is divided by r.
21
Suppose 4*j - 281 - 91 = 0. Let n = j + -18. What is the remainder when n is divided by 19?
18
Calculate the remainder when ((-1664)/48)/((-2)/3) is divided by 18.
16
Let d(y) = 2*y**2 + 3*y - 1. What is the remainder when d(2) is divided by 4?
1
Suppose 3*r = 2 - 8. Let u = 13 + r. Suppose t = -2*t + 12. Calculate the remainder when u is divided by t.
3
Suppose 3*z - 5*z = -192. Calculate the remainder when z is divided by 25.
21
Let a be 1/3 - (-406)/6. Let f be (-4)/(-6) - a/(-6). What is the remainder when f/(-5)*(1 + -11) is divided by 13?
11
Let k be (-41 - (-1 - -1)) + 2. Let w = 77 + k. Calculate the remainder when w is divided by 20.
18
Let z(o) = o**3 - 3*o**2 - 6*o - 2. What is the remainder when z(5) is divided by ((-160)/(-120))/(2/(-30)*-2)?
8
Let w(i) = i**3 - i**2 - 3*i - 3. Let a be w(3). Suppose u - 11 = 4*h + 15, 0 = -u - h + a. What is the remainder when 17 is divided by u?
7
Suppose -8*o + 7*o = -16. Let t = 6 - 4. Let z(n) = 3*n. What is the remainder when o is divided by z(t)?
4
Let g = 6 + -1. Let h(c) = c**2 - 3*c - 1. What is the remainder when 35 is divided by h(g)?
8
Suppose 0 = -2*v - 0 + 28. Suppose 4*b = 5*k - 191, -4*b - 5*k = -0*k + 201. Let c = -23 - b. What is the remainder when c is divided by v?
12
Let r(h) = 6*h - 5 + 2 - 4*h - 5. Calculate the remainder when 45 is divided by r(10).
9
Let y = 92 + -65. Let f(a) = a**3 + 9*a**2 - 10*a + 10. Let o be f(-10). Suppose d = -0*d + o. What is the remainder when y is divided by d?
7
Suppose 3*l + 22 = -4*a + 5*a, 2*a + 2*l = 20. What is the remainder when 522/14 - (-4)/(-14) is divided by a?
11
Calculate the remainder when 8/(-44) - 1/(11/(-1278)) is divided by 39.
38
Suppose -3*j = -j - 8. What is the remainder when 14 is divided by 2*(70/j)/7?
4
Let m = 8 + -6. Suppose 0 = m*a, -4*j - a + 5*a + 44 = 0. What is the remainder when 31 is divided by j?
9
Let j = -26 + 26. Let k = 14 - j. What is the remainder when 69 is divided by k?
13
Suppose -28 = -2*l - 8. Let b(x) = x**3 - 9*x**2 - 10*x - 1. Let d be b(l). Let j = 2 - d. What is the remainder when j is divided by 2?
1
Let a(p) = 2*p**2 - p**2 - 1 + 0*p - 8*p + 4. What is the remainder when a(10) is divided by (-134)/(-10) - 2/5?
10
Let w = -179 + 253. Let n(p) = -p**3 - 9*p**2 - 4*p - 11. What is the remainder when w is divided by n(-9)?
24
Let t = -4 - -8. Suppose 0 = -3*b, 3*n + 5*b - 6 = -0*b. What is the remainder when t is divided by n?
0
Suppose 2*j - 24 = -0. Calculate the remainder when 46 is divided by j.
10
Let q(m) be the second derivative of m**4/12 - 2*m**3/3 - 3*m**2/2 + 2*m. Calculate the remainder when 16 is divided by q(-2).
7
Let w = 1 - -1. Suppose 2*n - 5*n + 3*s - 9 = 0, 31 = 3*n + 5*s. Calculate the remainder when n*31*w/4 is divided by 16.
15
Let y = 0 - -1. Let c(d) = 37*d**3 + d**2 - d + 1. What is the remainder when c(y) is divided by -4*(-63)/12 - 1?
18
Let q(t) = -t**2 + t - 3. Let b be q(0). Let z(g) = 2*g**2 + g - 1. Let a(m) = -m**2 + 4*m + 2. Calculate the remainder when z(b) is divided by a(3).
4
Let u = -1 + 13. Let j be (42/(-4))/((-2)/(-12)). What is the remainder when ((-15)/9)/(3/j) is divided by u?
11
Let m = -11 + 18. Calculate the remainder when (-190)/(-20)*4/2 is divided by m.
5
Let b be ((-6)/2)/((-4)/4). Suppose -2*n + 40 = b*n. Calculate the remainder when n is divided by 3.
2
Suppose 0 = 2*l - 4*b - 9 - 9, -27 = 2*l + 5*b. Let s be (-2 - -1)*(-4 - l). Suppose 2*q + s*q - 60 = 0. What is the remainder when 35 is divided by q?
11
Let h be (-2)/4 + 27/6. Suppose 3*u + 2*u - 35 = -4*s, 0 = -h*u - 5*s + 37. Calculate the remainder when u is divided by 1.
0
Suppose 0 = -2*j - 0 + 22. Calculate the remainder when j is divided by 3.
2
Let v(u) = u**2 - u. Let q be v(2). Suppose -6 = -x + q. What is the remainder when x is divided by (-1)/(8/6)*-4?
2
Suppose o = -0*o - 8. Let m = 7 + o. What is the remainder when ((-5)/(-2))/(m/(-2)) is divided by 2?
1
Suppose 3*d + d = 180. Suppose 0*q = 3*q - d. Calculate the remainder when q is divided by 4.
3
Let c = -14 + 35. What is the remainder when 61 is divided by c?
19
Let b(m) = 14*m - 11. Calculate the remainder when b(8) is divided by 34 + (1 + -1)/1.
33
Suppose 2*f + 14 = 2*p + 46, 5*f - 3*p - 86 = 0. What is the remainder when 72 is divided by f?
15
Suppose -x + 0*x + 1 = 0. Calculate the remainder when (x - 0)*(14 + -1) is divided by (-2)/(-6) - 14/(-3).
3
Let o = -2 - 8. What is the remainder when 64 is divided by 33*(o/(-6) + -1)?
20
Suppose -3*q - 5*v - 19 = 0, -16 = q + 4*v + 2. Let i = -41 + 21. What is the remainder when 28 is divided by (-1)/(42/i + q)?
8
Let d be 54*(-5 - -2)/(-6). Suppose -21 = -4*x + d. What is the remainder when 23 is divided by x?
11
Suppose -2*v = -y + 137, -2*v + 2*y - 140 = -0*y. Let d = v + 111. Calculate the remainder when d is divided by 15.
14
Suppose 5*w - 15 = 2*w. Let r(a) = -10*a - 1. Let f be r(-6). Suppose w*y - f = 56. What is the remainder when y is divided by 12?
11
Let k(x) = x**3 + 5*x**2 - 2*x + 4. What is the remainder when 53 is divided by k(-3)?
25
Let c(f) = 8*f**2 - 2*f + 2. What is the remainder when 29 is divided by c(1)?
5
Let v(d) = -d**3 + 18*d**2 - 14*d - 24. What is the remainder when v(17) is divided by 10?
7
Suppose -2*n - 17 = -3*o, 0 = 4*n - 4*o - 0*o + 24. Let l(y) = y**2 + 19. What is the remainder when l(0) is divided by n + 2 + 1*9?
9
Let u = -1 - -6. Suppose 17 = -6*t + 101. Calculate the remainder when t is divided by u.
4
Suppose 4*u = -8 + 88. Calculate the remainder when 39 is divided by u.
19
Let z(v) = 5*v - 12. Suppose 5*c + 27 = -d + 4*d, -5*c + 2*d - 28 = 0. Calculate the remainder when 3/(c/(-4)) + 48 is divided by z(5).
11
Suppose -6*k = k. Suppose k = -0*o - 5*o + 95. Calculate the remainder when 37 is divided by o.
18
Let f be 16/10 - (-12)/30. Suppose -3*q - 8 = 2*m, m + f + 4 = -2*q. Calculate the remainder when m is divided by 2.
0
Let a = -55 + 78. What is the remainder when 111 is divided by a?
19
Suppose 8 = -0*x + x. Let u = 2 - -20. What is the remainder when u is divided by x?
6
Suppose 3*p + 26 = 5*p. Calculate the remainder when (2 - 1)*(95 - p) is divided by 28.
26
Let b(y) = -y - 1. Let f be b(-5). Let t(j) = 3*j - 6. Let p be t(f). Suppose p = -2*u + 104. Calculate the remainder when u is divided by 17.
15
Suppose 0*u + h + 24 = 2*u, 3*u - h = 38. Let f(n) = n**3 + 8*n**2 - 9. What is the remainder when f(-7) is divided by u?
12
Let t = 65 + -53. Calculate the remainder when 23 is divided by t.
11
Suppose -x + 16 + 60 = -5*a, -x - 4 = 0. Let k = 17 + a. What is the remainder when k is divided by 1?
0
Let u(m) = -m**2 + 1. Let d be u(-1). Suppose -3*r + 22 + 5 = d. Let j(b) = 3*b**2 - 13*b - 12. What is the remainder when r is divided by j(-1)?
1
Let f = 355 - 301. What is the remainder when f is divided by (-6)/9*-1*21?
12
Let a = -4 + 6. Suppose 3*g - 12 = -0*g. Calculate the remainder when g is divided by a.
0
Suppose -4*t - 2*u = -6*u - 20, t + 1 = -2*u. What is the remainder when 8 is divided by t?
2
Suppose 22 + 5 = y. What is the remainder when y is divided by 7?
6
Calculate the remainder when 241 is divided by (-2)/((-4)/(-6)) + -5 + 30.
21
Let k(t) = -16*t - 34. What is the remainder when k(-15) is divided by 52?
50
Suppose -2*o - 50 = -7*o. Let k(r) = -2*r**2 - 2*r + 2. Let n be k(2)